ctor of 24 and 808.
8
What is the greatest common factor of 19679 and 11?
11
What is the highest common factor of 51 and 17?
17
What is the highest common divisor of 66 and 231?
33
Calculate the highest common divisor of 20 and 20.
20
Calculate the highest common divisor of 21 and 42.
21
Calculate the highest common divisor of 135 and 27.
27
What is the greatest common divisor of 102 and 374?
34
What is the highest common factor of 146 and 219?
73
Calculate the greatest common divisor of 2 and 49.
1
What is the highest common factor of 260 and 156?
52
Calculate the greatest common factor of 89 and 1424.
89
Calculate the greatest common divisor of 80 and 280.
40
What is the highest common divisor of 4180 and 77?
11
What is the highest common factor of 171 and 81?
9
Calculate the greatest common factor of 117 and 63.
9
What is the highest common divisor of 16 and 20?
4
Calculate the greatest common factor of 484 and 660.
44
Calculate the highest common factor of 168 and 21.
21
Calculate the highest common divisor of 154 and 45815.
77
Calculate the highest common divisor of 774 and 72.
18
What is the greatest common divisor of 31406 and 82?
82
What is the highest common factor of 450 and 72?
18
Calculate the highest common factor of 135 and 1125.
45
What is the greatest common divisor of 66 and 22?
22
What is the highest common divisor of 238 and 1462?
34
What is the highest common divisor of 2009 and 147?
49
Calculate the greatest common divisor of 5022 and 2268.
162
What is the highest common factor of 15 and 40?
5
What is the greatest common divisor of 432 and 32?
16
What is the greatest common divisor of 840 and 1440?
120
Calculate the highest common divisor of 15880 and 40.
40
What is the greatest common divisor of 69 and 3381?
69
Calculate the highest common divisor of 6936 and 120.
24
What is the greatest common divisor of 24 and 272?
8
What is the highest common divisor of 11 and 176?
11
What is the greatest common factor of 10 and 5630?
10
Calculate the greatest common divisor of 949 and 146.
73
Calculate the greatest common factor of 60 and 5430.
30
What is the greatest common factor of 4 and 2916?
4
Calculate the highest common divisor of 34 and 216.
2
What is the greatest common divisor of 62 and 155?
31
Calculate the highest common factor of 183 and 4.
1
Calculate the highest common factor of 6 and 114.
6
Calculate the greatest common factor of 47 and 611.
47
Calculate the greatest common divisor of 368 and 253.
23
Calculate the highest common factor of 5984 and 1232.
176
What is the highest common divisor of 57 and 513?
57
Calculate the highest common factor of 2553 and 111.
111
What is the highest common divisor of 329 and 19?
1
What is the highest common factor of 130 and 3250?
130
What is the highest common divisor of 204 and 6596?
68
Calculate the greatest common factor of 255 and 15.
15
Calculate the highest common divisor of 18032 and 184.
184
Calculate the greatest common divisor of 364 and 29666.
182
Calculate the greatest common factor of 177282 and 18.
18
Calculate the highest common divisor of 335 and 871.
67
What is the highest common factor of 24 and 3?
3
What is the greatest common divisor of 60 and 1140?
60
What is the highest common divisor of 1 and 771?
1
What is the highest common factor of 500 and 60?
20
Calculate the greatest common factor of 55 and 215.
5
What is the greatest common factor of 3105 and 15?
15
What is the highest common factor of 4600 and 46?
46
Calculate the highest common divisor of 117 and 416.
13
What is the greatest common divisor of 296 and 32?
8
Calculate the greatest common factor of 208 and 1924.
52
What is the greatest common divisor of 2175 and 87?
87
What is the highest common factor of 18 and 72?
18
Calculate the greatest common factor of 52 and 949.
13
What is the highest common divisor of 192 and 1056?
96
What is the greatest common divisor of 112 and 1624?
56
Calculate the highest common factor of 3718 and 22.
22
What is the highest common divisor of 3346 and 56?
14
Calculate the greatest common divisor of 15 and 69.
3
Calculate the highest common factor of 48 and 1200.
48
Calculate the greatest common factor of 1815 and 132.
33
What is the greatest common factor of 1014 and 13?
13
Calculate the highest common factor of 4048 and 154.
22
What is the greatest common divisor of 486 and 270?
54
Calculate the greatest common factor of 106064 and 16.
16
Calculate the highest common divisor of 1020 and 8330.
170
What is the highest common divisor of 931 and 49?
49
Calculate the greatest common divisor of 428 and 963.
107
What is the greatest common divisor of 32 and 40?
8
Calculate the highest common factor of 288 and 360.
72
Calculate the greatest common factor of 34 and 255.
17
What is the greatest common factor of 531 and 767?
59
Calculate the highest common factor of 32 and 456.
8
Calculate the greatest common factor of 156 and 39.
39
What is the greatest common factor of 124 and 12?
4
Calculate the greatest common factor of 55 and 2255.
55
Calculate the greatest common factor of 3042 and 54.
18
What is the greatest common divisor of 9 and 180?
9
What is the highest common divisor of 40 and 632?
8
Calculate the highest common divisor of 9 and 48.
3
What is the highest common factor of 364 and 147?
7
Calculate the greatest common divisor of 147 and 3.
3
What is the greatest common divisor of 2139 and 279?
93
Calculate the greatest common factor of 2058 and 490.
98
What is the highest common factor of 2356 and 6?
2
Calculate the greatest common divisor of 14 and 434.
14
Calculate the highest common divisor of 208 and 234.
26
Calculate the greatest common divisor of 2779 and 21835.
397
Calculate the highest common divisor of 45 and 870.
15
Calculate the highest common factor of 2208 and 4.
4
What is the highest common factor of 40 and 34570?
10
What is the highest common divisor of 8860 and 20?
20
Calculate the highest common factor of 154 and 231.
77
Calculate the highest common factor of 267 and 89.
89
What is the highest common factor of 785 and 13031?
157
Calculate the greatest common factor of 1165 and 16543.
233
Calculate the highest common factor of 96 and 432.
48
What is the highest common divisor of 14 and 21?
7
Calculate the highest common divisor of 5 and 4045.
5
Calculate the highest common factor of 630 and 234.
18
Calculate the highest common factor of 33 and 18161.
11
Calculate the greatest common divisor of 7106 and 1309.
187
Calculate the highest common divisor of 2714 and 118.
118
Calculate the greatest common factor of 24 and 4266.
6
What is the greatest common factor of 972 and 12?
12
What is the highest common divisor of 1850 and 650?
50
What is the highest common factor of 268 and 67?
67
What is the greatest common divisor of 1210 and 1089?
121
Calculate the greatest common divisor of 360 and 200.
40
What is the highest common divisor of 3475 and 3197?
139
Calculate the greatest common factor of 583 and 704.
11
What is the greatest common factor of 148 and 2738?
74
What is the greatest common factor of 1924 and 104?
52
What is the highest common divisor of 8694 and 21?
21
What is the greatest common factor of 750 and 275?
25
Calculate the greatest common factor of 385 and 1595.
55
Calculate the highest common factor of 250 and 875.
125
What is the highest common factor of 80 and 15040?
80
What is the greatest common factor of 560 and 10?
10
Calculate the highest common divisor of 287 and 4223.
41
Calculate the greatest common divisor of 603 and 9.
9
Calculate the highest common factor of 31590 and 130.
130
What is the greatest common divisor of 24 and 96?
24
What is the greatest common divisor of 92 and 184?
92
What is the greatest common divisor of 616 and 448?
56
What is the greatest common factor of 50 and 200?
50
What is the greatest common divisor of 224 and 2744?
56
What is the highest common factor of 8 and 416?
8
Calculate the highest common factor of 600 and 3100.
100
What is the greatest common divisor of 4395 and 15?
15
What is the highest common divisor of 231 and 495?
33
Calculate the highest common divisor of 24 and 1992.
24
Calculate the greatest common divisor of 850 and 340.
170
Calculate the greatest common divisor of 938 and 670.
134
What is 